{"id":234,"date":"2025-08-11T14:30:27","date_gmt":"2025-08-11T12:30:27","guid":{"rendered":"https:\/\/spfutoma.ostnet.pl\/?page_id=234"},"modified":"2025-08-17T07:55:18","modified_gmt":"2025-08-17T05:55:18","slug":"dziennik-vulcan","status":"publish","type":"page","link":"https:\/\/spfutoma.ostnet.pl\/?page_id=234","title":{"rendered":"Dziennik VULCAN"},"content":{"rendered":"\n<div class=\"wp-block-group is-nowrap is-layout-flex wp-container-core-group-is-layout-ad2f72ca wp-block-group-is-layout-flex\">\n<p>Dziennik Vulcan to elektroniczny system obs\u0142ugi szko\u0142y, zast\u0119puj\u0105cy tradycyjny dziennik papierowy. <br>S\u0142u\u017cy do zapisywania ocen, obecno\u015bci, temat\u00f3w lekcji oraz innych informacji zwi\u0105zanych z nauk\u0105. <br>Uczniowie i rodzice mog\u0105 w nim na bie\u017c\u0105co sprawdza\u0107 post\u0119py w nauce, plan lekcji oraz og\u0142oszenia od szko\u0142y.<br>Dziennik jest dost\u0119pny online, co umo\u017cliwia korzystanie z niego zar\u00f3wno na komputerze, jak i w aplikacji mobilnej.<\/p>\n\n\n<figure class=\"wp-block-post-featured-image\"><img loading=\"lazy\" decoding=\"async\" width=\"240\" height=\"180\" src=\"https:\/\/spfutoma.ostnet.pl\/wp-content\/uploads\/2025\/08\/2-1-240x180.png\" class=\"attachment-post-thumbnail size-post-thumbnail wp-post-image\" alt=\"\" style=\"object-fit:cover;\" \/><\/figure><\/div>\n\n\n\n<div class=\"wp-block-group is-nowrap is-layout-flex wp-container-core-group-is-layout-ad2f72ca wp-block-group-is-layout-flex\">\n<p>Prosimy rodzic\u00f3w o za\u0142o\u017cenie swoich kont w dzienniku oraz o pomoc dzieciom w ich utworzeniu.<br>Do rejestracji konta w dzienniku niezb\u0119dny jest adres e-mail, kt\u00f3ry w pierwszej kolejno\u015bci wprowadza do systemu wychowawca.<\/p>\n<\/div>\n\n\n<div class=\"wp-block-image\">\n<figure class=\"aligncenter size-full is-resized\"><a href=\"https:\/\/uonetplus.vulcan.net.pl\/gminablazowa\/\"><img loading=\"lazy\" decoding=\"async\" width=\"500\" height=\"290\" src=\"https:\/\/spfutoma.ostnet.pl\/wp-content\/uploads\/2025\/08\/E-DZIENNIK-LOGO.jpg\" alt=\"\" class=\"wp-image-237\" style=\"width:308px;height:auto\" srcset=\"https:\/\/spfutoma.ostnet.pl\/wp-content\/uploads\/2025\/08\/E-DZIENNIK-LOGO.jpg 500w, https:\/\/spfutoma.ostnet.pl\/wp-content\/uploads\/2025\/08\/E-DZIENNIK-LOGO-300x174.jpg 300w\" sizes=\"auto, (max-width: 500px) 100vw, 500px\" \/><\/a><\/figure>\n<\/div>","protected":false},"excerpt":{"rendered":"<p>Dziennik Vulcan to elektroniczny system obs\u0142ugi szko\u0142y, zast\u0119puj\u0105cy tradycyjny dziennik papierowy. S\u0142u\u017cy do zapisywania ocen, obecno\u015bci, temat\u00f3w lekcji oraz innych informacji zwi\u0105zanych z nauk\u0105. Uczniowie i rodzice mog\u0105 w nim&#8230; <\/p>\n","protected":false},"author":1,"featured_media":277,"parent":0,"menu_order":0,"comment_status":"closed","ping_status":"closed","template":"","meta":{"footnotes":""},"class_list":["post-234","page","type-page","status-publish","has-post-thumbnail","hentry"],"_links":{"self":[{"href":"https:\/\/spfutoma.ostnet.pl\/index.php?rest_route=\/wp\/v2\/pages\/234","targetHints":{"allow":["GET"]}}],"collection":[{"href":"https:\/\/spfutoma.ostnet.pl\/index.php?rest_route=\/wp\/v2\/pages"}],"about":[{"href":"https:\/\/spfutoma.ostnet.pl\/index.php?rest_route=\/wp\/v2\/types\/page"}],"author":[{"embeddable":true,"href":"https:\/\/spfutoma.ostnet.pl\/index.php?rest_route=\/wp\/v2\/users\/1"}],"replies":[{"embeddable":true,"href":"https:\/\/spfutoma.ostnet.pl\/index.php?rest_route=%2Fwp%2Fv2%2Fcomments&post=234"}],"version-history":[{"count":8,"href":"https:\/\/spfutoma.ostnet.pl\/index.php?rest_route=\/wp\/v2\/pages\/234\/revisions"}],"predecessor-version":[{"id":249,"href":"https:\/\/spfutoma.ostnet.pl\/index.php?rest_route=\/wp\/v2\/pages\/234\/revisions\/249"}],"wp:featuredmedia":[{"embeddable":true,"href":"https:\/\/spfutoma.ostnet.pl\/index.php?rest_route=\/wp\/v2\/media\/277"}],"wp:attachment":[{"href":"https:\/\/spfutoma.ostnet.pl\/index.php?rest_route=%2Fwp%2Fv2%2Fmedia&parent=234"}],"curies":[{"name":"wp","href":"https:\/\/api.w.org\/{rel}","templated":true}]}}